 - 17, -28 = 4*z + 4*b. Determine k(z).
5
Let b(m) = m**2 + 8*m + 1. Suppose -7*z - 210 = -161. Calculate b(z).
-6
Let q = 10 + -18. Let d = q - -2. Let f(s) = -s + 3 - 6*s**2 + 30036*s**3 - 30037*s**3 + 0. Give f(d).
9
Suppose -26*c + 24*c = -4*x - 2, -4*x + 18 = 2*c. Let j(m) = 5*m - 3. Calculate j(x).
7
Let d(c) = -11*c - 3. Let f(x) = -2*x + 2. Let u(k) = k + 1. Let h(z) = f(z) - 3*u(z). Let y(j) = 2*d(j) - 5*h(j). Suppose 16*q - 108 = 43*q. Calculate y(q).
-13
Let r(n) be the third derivative of n**5/60 - n**4/24 - 7*n**3/6 - 271*n**2. Let a be -1 - 0/(4/(-2)). Let d be 5 - a*(2 - 2). Give r(d).
13
Suppose -3*w - 2*z = 2, -w - 3*z + 4 = 7. Suppose h = -2*h + 3. Let l be 2 + (w - 0) - h. Let c(a) = 12*a**2 - 2*a + 1. Determine c(l).
11
Let v(l) = -8*l**3 - l**2. Let t(k) be the second derivative of -k**4/12 - k**3/2 + 11*k**2/2 + 2*k. Let f be t(-5). Give v(f).
-9
Let h(r) = -r - 7. Let y be h(-6). Let x be y/((3 - 2)/(-1)). Let i(o) = 5*o + 0*o**3 + x + 9*o**3 - 4*o. Calculate i(-1).
-9
Suppose -94 = -5*m + 3*n, -28 = -2*m - 2*n - 0*n. Let x = 15 - m. Let l(z) = 4*z + 1. Determine l(x).
-7
Let n(x) be the second derivative of -3*x**2 + 1/6*x**3 - 11*x + 0. Determine n(6).
0
Let w(j) = -3*j - 6*j**2 - 24*j**3 + j + 61*j**3 - 15*j**3 - 21*j**3 - 8. Determine w(6).
-20
Let h(z) = z**2 + 8*z - 5. Let o be h(-8). Let k be (o/10)/((-2)/(-16)). Let i = k - -3. Let n(x) = 4*x - 1. What is n(i)?
-5
Let w(q) be the second derivative of 0 - 5/2*q**2 - 7/24*q**4 + 0*q**3 - q. Let r(p) be the first derivative of w(p). Determine r(-1).
7
Let p(k) be the first derivative of k**2 - 2*k + 9. Let g be p(0). Let d(t) = t**3 + 2*t**2 + 1. Determine d(g).
1
Let c(x) be the second derivative of x**4/12 - x**3/3 - x**2/2 - 208*x. Give c(4).
7
Let d(n) = -n + 36 - 72 - n + 39. Let k = 4 + -3. Let j be k/2*(7 + 1). Determine d(j).
-5
Let m(w) = 32 - 61 + 36 + w**3 - w - 8*w - 16*w**2 + 6*w**2. Determine m(11).
29
Let k(t) = -11*t + 6. Let j(l) = -10*l + 5. Let r(c) = 6*j(c) - 5*k(c). What is r(-2)?
10
Let b(j) = 2*j - 10. Suppose 0 = -4*n - i, 3*i = 2*n + 2*i. What is b(n)?
-10
Suppose -12*h + 9*h + 18 = 0. Let s(j) = -22 + 21 + h*j - 4*j. What is s(3)?
5
Suppose 23*z - 18*z = -3*i - 6, z - 2 = i. Let r(t) be the first derivative of 1 + 0*t**2 + 1/3*t**3 - 2*t. What is r(i)?
2
Let d(y) = -13*y - 1. Let o(n) = 8*n + 1. Let s(h) = 5*d(h) + 8*o(h). Let b = -25 + 42. Let g = b - 14. What is s(g)?
0
Let v(m) be the third derivative of m**6/120 + 2*m**5/15 + 5*m**4/12 + 4*m**3/3 + 45*m**2 + 1. Calculate v(-7).
-13
Let h = 7148 - 7151. Let f(u) be the second derivative of u**4/12 + u**3/2 - u**2 - 2*u. Determine f(h).
-2
Let q(j) = -3 + j**3 + 3*j**2 - 2 + 18*j - 2*j**3 + 12 - 6. Give q(6).
1
Suppose k + 9 = 3*n, -4*n = -3*k - 3*n + 5. Let h(j) = 8*j**2 - 3*j + 4*j**2 - 12*j**2 + 3 + 3*j**2. Calculate h(k).
21
Let c(y) = 45*y + 4 - 1 + y**2 + 42*y - 89*y. Suppose 2*o - 20 = -2*o. Give c(o).
18
Let k(v) = 55 + v + 9*v - 6 - 3 - 8*v. What is k(-26)?
-6
Let b be 15/(-9) + (-10)/(-15). Let h = 3 + b. Let o(j) = -8*j + 22*j + 1 - 12*j + 4*j**h. What is o(-1)?
3
Suppose 0 = 8*n + 2*n - 110. Let g(l) = 6*l**2 - 4*l + 25*l**3 - 5 - 9*l**3 - 6*l**3 - n*l**3. Give g(5).
0
Let n(p) = -p**3 + 9*p**2 - p + 11. Let u be n(9). Let h(q) = -6*q. Calculate h(u).
-12
Let s(w) = w**2 + 25*w + 97. Let t be s(-20). Let y(o) = 2*o**2 - o + 2. What is y(t)?
23
Let i(t) = 1 + 4102*t - 4101*t + 2. Let o(q) = -q**2 + q - 1. Let u be o(1). Let a be -4 + u/(2/2). Determine i(a).
-2
Suppose 33*p + 528 + 132 = 0. Let h(b) = b**2 + 19*b - 25. Give h(p).
-5
Suppose 18*w = 14*w + 7*w. Let s(n) be the second derivative of n**3/6 - n**2 - 16*n. What is s(w)?
-2
Let v = -126 + 125. Let q(f) = f - 2. Let h(y) = 4. Let a(r) = v*h(r) - 2*q(r). What is a(3)?
-6
Let w(i) = 5*i**2 + 11*i + 6. Let p(y) = -14*y**2 - 32*y - 18. Let m(b) = 6*p(b) + 17*w(b). Let k = 21 - 8. Let n = -8 + k. What is m(n)?
-6
Let m(v) = -289083*v + 289080*v - 2*v**3 - 1 + 4*v**3 - 3*v**2. Let p = 0 - 2. Determine m(p).
-23
Let d(i) = 2 - i**3 + 3 - 6 + i - 2*i**2. Let f be (-8)/1 + 0/6. Let s be f/20 - (-8)/(-5). Calculate d(s).
-3
Let a(d) = 2*d**3 + 2*d**2 + 3. Let f be (9/12)/(0 + (-5)/(-20)). What is a(f)?
75
Let k be (-32)/3 - 2/6. Let o(n) = -n**3 - 10*n**2 + 11*n - 6. Calculate o(k).
-6
Let h(w) = -405*w**2 - 54*w + 162. Let f(t) = 37*t**2 + 5*t - 15. Let y(g) = 54*f(g) + 5*h(g). What is y(-1)?
-27
Let c(a) = a**2 - 9*a - 4. Let v(j) = 2*j + 25. Let q(n) = -n**3 + 5*n**2 + 3*n + 10. Let x be q(6). Let s be v(x). What is c(s)?
-4
Let n(v) = -v**3 - 10*v**2 + 11*v - 4. Let g be n(-11). Let x(i) be the third derivative of i**6/120 + i**5/20 - i**4/4 - i**3/6 + 4*i**2. Calculate x(g).
7
Let u(k) be the third derivative of 4*k**2 + 0*k + 1/6*k**4 + 0 - k**3. Calculate u(4).
10
Let i(u) be the second derivative of 5*u**4/4 - u**3/3 - u**2/2 - 2*u + 4. What is i(-1)?
16
Let a = 167 - 172. Let x(n) = n**3 + 4*n**2 - 6*n - 6. Determine x(a).
-1
Let q(p) = 8*p - 6. Let y(z) = -7*z + 5. Let r(v) = -6*q(v) - 7*y(v). Suppose 4*w = 7*w - 5*f - 36, 0 = 4*w + f - 25. What is r(w)?
8
Let d(s) = s**2 + 6*s - 3. Let z(t) = 2*t - 44. Let r be z(19). What is d(r)?
-3
Let s(q) = -5*q - 10. Let g(p) = -p - 1. Let y(w) = 4*g(w) - s(w). Let o(t) = -t**2 + 4*t + 18. Let d be o(7). Determine y(d).
3
Let l(x) = -3*x + 12. Suppose -f - 7 = 3*c, -f + 3*c = 2*f - 27. What is l(f)?
-3
Suppose -2*i + 4 = 4*k, i = 3*i + 8. Suppose w + 13 = -3*r, -2*r - 19 = k*w + 3*r. Let m(f) = -2*f - 2 - w + 2 + f**2. What is m(3)?
1
Let g(u) be the first derivative of -1/2*u**4 + 2*u - u**3 + 1/2*u**2 + 7. Give g(-2).
4
Let q(h) = -h + 7. Let b be ((-32)/20)/((-2)/5). Suppose 0 = -5*j + 3*m + b, 4*m = j + 7 - 1. Suppose j*x - 4*x = 0. Give q(x).
7
Let s = -317 + 328. Let f(i) = -i + 9. Calculate f(s).
-2
Suppose -92 = 35*l - 81*l. Let k(r) be the first derivative of -1/2*r**l - r - 11. Give k(-1).
0
Let m be 2/2 - -2*12. Let t = 17 - 2. Let y(w) = -t*w + m - 25. What is y(1)?
-15
Let i(v) be the second derivative of 2/3*v**3 + 3*v**2 + 0 + 1/20*v**5 + 5/12*v**4 + 6*v. Let k be 6 - (13 - (3 + 0)). Give i(k).
6
Let w(p) = -4*p + 2. Let i be (-315)/(-147) - 12/(-14). Calculate w(i).
-10
Let q(a) = -4*a + 11. Let j be (2/(-5))/(11/165). Let k(s) = 2*s - 5. Let h(v) = j*q(v) - 13*k(v). Let i be h(-1). Let c(l) = 11*l - 1. Determine c(i).
10
Let i(p) be the second derivative of -p**5/20 - 5*p**4/12 + 2*p**3/3 - 3*p**2 - p. Let h be i(-6). Let b(r) = 565 - 293 - r**2 - 281 + 9*r. Calculate b(h).
9
Let m be (-150)/39 - (-4)/(-26). Let w(l) = 27*l**3 - 47*l**3 - 4*l**2 + 19*l**3 - 2. Determine w(m).
-2
Let v(d) be the second derivative of 0 + 1/2*d**2 + 21*d - 1/6*d**3. Determine v(2).
-1
Suppose 6*k = z + 3*k + 9, -3 = -k. Suppose -6*l - 13 = -l + v, l + 2*v + 8 = z. Let u(g) = g**3 + g**2 + g + 2. Calculate u(l).
-4
Suppose 0 = 3*l + 18*l - 84. Let a(z) = -z**2 + 11*z - 8. Give a(l).
20
Let u be 26/8 + (-2)/8. Suppose u*y = 5*v + 1, -5*v = -v - 4. Let a(n) = 5*n - 20*n + 4*n**2 + 2 + 3*n - 2*n - n**3 + 10*n. Give a(y).
2
Let w(v) = -145*v**2 + 144*v**2 + 1 + 1. Let z(q) = 17 - 2*q + 0 + 1. Let k be z(8). What is w(k)?
-2
Suppose 2*r + 18 = 5*w + 4*r, 0 = 2*w + 2*r - 12. Let p(l) = 14 - 5*l + 4*l**2 - 12 - 3*l**w. Let x be (-4 - (0 - 1))*-1. Calculate p(x).
-4
Let t = 27 - 11. Let c be 1*-7*(t - 17). Let k(p) = p**2 - 8*p + 2. Give k(c).
-5
Let b(k) = 4*k - 25. Let g(y) = 9*y - 51. Let q(v) = 14*b(v) - 6*g(v). What is q(22)?
0
Let j(y) = -y**3 - 4*y**2 - y + 3. Suppose -x = 5*q + 12, 0 = 2*x - 3*x + 3. What is j(q)?
-3
Let k(x) = -10*x + 7 - 24 + 8 + 7. Let w = 5 - 7. Determine k(w).
18
Let h(b) be the third derivative of -b**6/120 + b**5/10 - b**4/24 + b**3/6 - 14*b**2. Suppose -2*z + 5*l = -3*z - 19, z - 2*l - 16 = 0. Calculate h(z).
-5
Let s(b) = -1 - 9 + b + 0*b + 8 + b**2. Give s(-4).
10
Let t(u) be the first derivative of 0*u - 1/24*u**4 - 1/60*u**5 + 2/3*u**3 + 2 - 3/2*u**2. Let o(a) be the second derivative of t(a). What is o(-4)?
-8
Let b = 6 + -4. Let t(j) = 4*j**2 + 5*j + 3 - j**2 - 2*j**b. Suppose 0 = 4*g - 3*k - 0*k + 38, -5*k = -2*g - 40. Give t(g).
3
Let j(t) = 11*t + 7. Let i(x) = -x - 2. Let f(q) = -4*i(q) - j(q). Give f(1).
-6
Let r(o) = -3*o**2 + o. Let y be 56